d 116.
29
Let o(l) be the second derivative of l**4/12 + l**3/6 + l**2/2 + l. Let s be o(-1). Let j = 485 + -476. What is the highest common factor of j and s?
1
Let u(i) be the second derivative of -11*i**3/6 - 19*i**2/2 + 23*i - 2. Let t be u(-2). What is the highest common factor of t and 15?
3
Let q = 1651 + -1606. Calculate the greatest common divisor of 1095 and q.
15
Suppose -86 = -2*l - 3*r, 25*l - 27*l = -r - 86. Calculate the highest common divisor of l and 1247.
43
Let m = 20 - 15. Let o be (22/m)/(1/5). What is the highest common factor of o and 33?
11
Let u = 44 - 26. Let i = u - 16. Calculate the greatest common factor of 10 and i.
2
Suppose 23 = 4*y - 509. Let l be (-2)/((-14)/y) + (0 - -1). Calculate the greatest common divisor of l and 4.
4
Suppose 2*f - 12 = 6*f, 3*f = 2*a + 3. Let t = -173 + 177. Let z be 60/(-2)*t/a. What is the greatest common factor of 10 and z?
10
Let q = -3 - -11. Let l be (q - 6)*(-5)/(-2). Calculate the greatest common factor of 45 and l.
5
Suppose 0 = -4*a + 4 + 8, -g = 4*a - 32. What is the greatest common factor of 740 and g?
20
Suppose 20 = -5*r + 60. Let d(o) = 23*o. Let c be d(1). Let z = c + -11. Calculate the greatest common factor of r and z.
4
Suppose 105 - 162 = -3*u. Calculate the greatest common divisor of 38 and u.
19
Let f be (-64)/(-1)*(2 - 1). Let y(r) = -3*r - r**3 - 5*r - 35*r**2 + 6 + 42*r**2. Let s be y(5). Calculate the greatest common divisor of s and f.
16
Let a(y) = 2*y - 6. Let t = -26 - -36. Let d be a(t). What is the greatest common divisor of d and 35?
7
Let w = 37 + -12. Suppose -85 + 15 = -7*b. Calculate the highest common divisor of b and w.
5
Let t(m) = 5*m**2 + 9*m + 5. Let z be t(-3). Suppose 3*w - y = z, 2*y + y - 3 = w. Calculate the greatest common factor of 9 and w.
9
Let u(b) = b**2 + 9*b - 1. Let p be 0 + 7 + -5 + 1. Let v be ((-3)/6 + p)*-4. Let i be u(v). Calculate the greatest common factor of 81 and i.
9
Suppose -5*p = 5, -4*v = -2*v - 5*p + 43. Let s = v - -35. Calculate the greatest common factor of 55 and s.
11
Let f be 30 + -1 + 16 + -15. Calculate the highest common divisor of f and 165.
15
Let s be 1083/(-9)*(5 + -8). What is the greatest common divisor of s and 19?
19
Let h be 292/28 - -21*(-9)/441. Let t = -190 + 415. Let y = -135 + t. What is the highest common factor of y and h?
10
Let t be 2/(-26) - (-5252)/169. Calculate the greatest common factor of 2170 and t.
31
Suppose r = -2*z + 109, 3*r - 273 = -z - 4*z. Let x be (-2)/2 + 1 - 8. Let y be x/4 + 2 + z. Calculate the greatest common factor of y and 6.
6
Suppose 0 = -2*w - x + 568, -26*x + 6 = -29*x. What is the highest common divisor of 30 and w?
15
Let z = -8 + 6. Let b be z - (-3)/((-6)/(-116)). Suppose 5*j - 29 = b. Calculate the highest common factor of 85 and j.
17
Suppose -4*l + 5*x = -15, 0 = -2*x - 3 - 3. Suppose l*q = 4*q - 112. What is the highest common divisor of 28 and q?
28
Let a be (-4020)/50*((-30)/4)/1. Calculate the greatest common factor of a and 67.
67
Let n = -35 - -53. Let f(v) = v**3 - 7*v**2 + v - 1. Let g be f(7). Calculate the highest common factor of g and n.
6
Suppose 0 = 3*x + 4*y - 397, 5*x + 0*x + y - 656 = 0. Let c = -61 + x. What is the greatest common divisor of c and 10?
10
Let l(n) = n + 169. Let u be l(0). What is the highest common factor of 52 and u?
13
Suppose -15*h = -24*h + 54. Let u = 3 - -1. What is the greatest common factor of h and u?
2
Let b be (-2)/8*2*-4. Suppose 2*h + b - 12 = 0. Suppose r - 6*r + 90 = h*z, 84 = 5*z - r. Calculate the highest common factor of z and 68.
17
Let p(t) = 7*t - 3. Let q be p(2). Suppose 25*j = -2*h + 23*j + 110, 110 = 2*h - 4*j. Calculate the greatest common factor of h and q.
11
Suppose -5*a - 17*h + 14*h + 366 = 0, 2*h = 5*a - 381. What is the greatest common factor of a and 885?
15
Suppose 0 = 10*v - 8*v - 858. What is the highest common factor of v and 39?
39
Let i be (-4)/(56/(-21)) + (-141)/(-2). Calculate the highest common divisor of i and 9.
9
Suppose 3*b = 4*n - 49, n + 3*b = -0*n + 31. What is the highest common divisor of 176 and n?
16
Let q = 513 - 512. Calculate the highest common divisor of 216 and q.
1
Let l be (1 + 0)/((-1 - -3)/2). Let i be (-2)/(l/2*-4) - -1. Let s = 8 - -4. What is the highest common divisor of i and s?
2
Suppose 9*w - 3*w + 6 = 0. Let l = 71 - w. Suppose -2*n = -6, 4*c - l = -2*n + 6. What is the greatest common factor of 6 and c?
6
Let m = 120 - 115. Calculate the highest common factor of 25 and m.
5
Let l be 55720/42*(-36)/(-30). What is the greatest common divisor of l and 8?
8
Suppose 45 - 15 = 5*k. Let m be (-48)/(-9) - 2/6. Suppose -m*t = 4*x - 62, x + k*t = 3*t + 12. What is the highest common factor of x and 126?
18
Let i = 32 - -16. Let l be 2*1/(-2) - (6 + -23). What is the highest common factor of i and l?
16
Suppose -5*m - 30 = -s - 8*m, 4*s = -4*m + 96. Suppose -48 = -s*b + 18*b. What is the greatest common factor of 80 and b?
16
Let i be 0/(3 - (-2)/(-1)). Let b(t) = 3*t + 13*t**2 - 3 + i*t + t - t. Let u be b(2). Calculate the highest common divisor of u and 22.
11
Suppose -6*r + 51 = 11*r. Suppose 2 = 5*f - 23. Suppose -i + 5*p - f = -32, 0 = -2*i - 2*p + 54. Calculate the greatest common divisor of i and r.
3
Let c = 76 + -74. Suppose c*j = 4*o - 76, 0 = -5*o + j - 3*j + 104. Calculate the highest common factor of 100 and o.
20
Suppose 2*z - 29 = 3*z - w, -3*w = z + 45. Let s = z + 38. What is the greatest common factor of s and 5?
5
Suppose u - 3*f = 24, -3*u + 5*f = -19 - 53. Suppose -u*g + 22*g + 30 = 0. What is the greatest common divisor of 15 and g?
15
Let a be (-322)/(-4) - 2/4. What is the greatest common factor of a and 5?
5
Suppose 4*f + 31 = 7. Let n be 3/(-2)*8/f. Suppose -6*z + 198 = -z + 3*c, n*z + 2*c - 80 = 0. Calculate the highest common factor of 26 and z.
13
Let z = -20 - -69. Calculate the highest common divisor of z and 84.
7
Let m = 14 - -106. Let r = -404 + 263. Let p = -93 - r. Calculate the highest common divisor of p and m.
24
Suppose 3*b = -w - 2*w + 297, -3*b + 15 = 0. Calculate the highest common divisor of w and 2.
2
Let w = -433 - -264. Let f = w + 4. Let x = f + 327. Calculate the highest common divisor of 18 and x.
18
Let g = 29 + -16. Let t be -3 + ((-8)/12)/((-2)/9). Suppose t = 5*z + 31 - 226. Calculate the greatest common divisor of z and g.
13
Suppose -10*b = -79 - 41. What is the greatest common divisor of 141 and b?
3
Let v = 15 + -15. Suppose v = -2*c + 139 + 53. What is the greatest common factor of c and 12?
12
Suppose 16*k = 1025 + 351. Calculate the highest common factor of k and 4.
2
Let d be (-14 - 4/(-2))/(34/(-119)). What is the highest common factor of d and 273?
21
Let v(n) = n**2 - 2*n - 7. Let u be v(5). Let l be (-2)/u + 898/8. Let k = -389 - -403. What is the greatest common factor of l and k?
14
Suppose -71*p - 100 = -76*p. Calculate the highest common divisor of 20 and p.
20
Let t = -2619 + 2622. What is the highest common divisor of 25 and t?
1
Let s be (-18)/15 + (0 - 4930/(-25)). Calculate the greatest common factor of 245 and s.
49
Let b = 79 + -52. Calculate the highest common factor of 324 and b.
27
Let x = -40 + 144. Calculate the greatest common factor of x and 13.
13
Let m be -2*(-2)/((-8)/38). Let j = -5 - m. Suppose -x + 4*n - 11 = -41, 0 = 2*n + 8. What is the highest common divisor of j and x?
14
Suppose 168 = 145*t - 141*t. What is the greatest common divisor of 30 and t?
6
Let h = -20 - -23. Suppose 5*i - h = 167. Suppose -d - 46 = -5*j + 2*d, 2*j = -4*d + i. What is the highest common divisor of j and 77?
11
Let i(a) = 49*a - 345. Let m be i(10). Let o = -118 + 176. What is the greatest common factor of m and o?
29
Let l(w) = -w - 14. Let u be l(0). Let d be (-1)/1 + (-13 - u). Let c be 14 - (d + 1 + -1). Calculate the greatest common divisor of c and 14.
14
Let x = -54 + 112. Let l = 76 - x. What is the highest common divisor of 2 and l?
2
Let r = 28 - 23. Let s be r + 47 + (2 - (-2)/2). Calculate the highest common factor of s and 11.
11
Suppose -4*d + 7*d = -4*l + 129, -l = -3. Calculate the greatest common divisor of d and 429.
39
Suppose 6*w - 182 + 38 = 0. Let c(i) = -8*i - 20. Let x be c(-4). Calculate the highest common factor of w and x.
12
Suppose 22071 = 46*f + 3349. Calcul